{"id":2083,"date":"2008-05-07T20:29:44","date_gmt":"2008-05-07T18:29:44","guid":{"rendered":"https:\/\/mg-65.com\/web\/turno\/turno-smucanje-opis\/"},"modified":"2021-12-15T05:56:27","modified_gmt":"2021-12-15T05:56:27","slug":"turno-smucanje-opis","status":"publish","type":"page","link":"https:\/\/mg-65.com\/web\/turno-smucanje-opis\/","title":{"rendered":"Turno smu\u010danje &#8211; opis"},"content":{"rendered":"<p align=\"left\">na vpra\u0161anje &#8230; kaj sploh je turno smu\u010danje &#8230; bi verjetno dobili mnogo odgovorov <img loading=\"lazy\" decoding=\"async\" src=\"https:\/\/mg-65.com\/SMILEYS\/confused_3.gif\" alt=\"\" width=\"15\" height=\"15\" \/><\/p>\n<p align=\"left\">moja definicija je &#8230; da je turno smu\u010danje &#8230; gibanje v naravi s turnosmu\u010darsko opremo &#8230; kjer je spust sorazmeren vzponu &#8230; in je prete\u017eni del vzpona opravljen brez uporabe tehnolo\u0161kih pripomo\u010dkov &#8230; kot so &#8230; vle\u010dnice .. sede\u017enice .. gondole .. motorne sani .. ali celo helikopterji <img loading=\"lazy\" decoding=\"async\" src=\"https:\/\/mg-65.com\/SMILEYS\/wink.gif\" alt=\"\" width=\"15\" height=\"15\" \/><\/p>\n<p align=\"left\">sam imam najraj\u0161i tak\u0161ne &#8230; kjer lahko ve\u010dino vzpona opravim s smu\u010dmi na nogah &#8230; in ne na nahrbtniku &#8230; in kjer potrebujem cepin in dereze &#8230; le za kak\u0161en kraj\u0161i prehod izpostavljenega mesta <img loading=\"lazy\" decoding=\"async\" src=\"https:\/\/mg-65.com\/SMILEYS\/smile_4.gif\" alt=\"\" width=\"15\" height=\"15\" \/><\/p>\n<p align=\"left\">\u00a0<\/p>\n<p align=\"left\"><span style=\"color: #ffcc00; font-size: large;\">Oprema<\/span><\/p>\n<p align=\"left\">&#8211; \u010devlji so podobni smu\u010darskim &#8230; vendar so gibljivi in udobnej\u0161i &#8230; z vibram podplatom za varno hojo<\/p>\n<p align=\"center\"><a href=\"https:\/\/mg-65.com\/web\/SLIKE\/turnosmucarski_cevlji.jpg\" target=\"_blank\" rel=\"noopener noreferrer\"><img loading=\"lazy\" decoding=\"async\" src=\"https:\/\/mg-65.com\/web\/SLIKE\/turnosmucarski_cevlji.jpg\" alt=\"Turnosmu\u010darski \u010devlji\" width=\"600\" height=\"510\" border=\"0\" \/><\/a><\/p>\n<p align=\"center\">\u00a0<\/p>\n<p align=\"left\">&#8211; smu\u010di imajo na vrhu luknjo &#8230; skozi katero lahko napeljemo vrvico &#8230; in smu\u010di vle\u010demo kot sani<\/p>\n<p align=\"left\">&#8211; vezi imajo mo\u017enost sprostitve pete za hojo &#8230; in zaporo za smu\u010danje<\/p>\n<p align=\"center\"><a href=\"https:\/\/mg-65.com\/web\/SLIKE\/komplet-1.jpg\" target=\"_blank\" rel=\"noopener noreferrer\"><img loading=\"lazy\" decoding=\"async\" src=\"https:\/\/mg-65.com\/web\/SLIKE\/komplet-1.jpg\" alt=\"\u010cevlji na smu\u010deh\" width=\"600\" height=\"474\" border=\"0\" \/><\/a><\/p>\n<p align=\"center\">\u00a0<\/p>\n<p>&#8211; palice morajo imeti ve\u010dje krplje &#8230; da se ne vdirajo v sneg &#8230; priporo\u010dljivo je tudi &#8230; da imajo nastavljivo vi\u0161ino &#8230; ki jo prilagajamo situacijam<\/p>\n<p>&#8211; ko\u017ee oz. psi se nalepijo na drsno plast smu\u010di &#8230; in omogo\u010dajo hojo navkreber<\/p>\n<p align=\"center\"><a href=\"https:\/\/mg-65.com\/web\/SLIKE\/koze.jpg\" target=\"_blank\" rel=\"noopener noreferrer\"><img loading=\"lazy\" decoding=\"async\" src=\"https:\/\/mg-65.com\/web\/SLIKE\/koze.jpg\" alt=\"Ko\u017ee\" width=\"600\" height=\"380\" border=\"0\" \/><\/a><\/p>\n<p align=\"center\">\u00a0<\/p>\n<p>&#8211; srena\u010di oz. ma\u010dki nam pomagajo v tr\u0161em snegu ali ledu &#8230; ko smu\u010di pri hoji kljub ko\u017eam zdrsujejo &#8230; so nekak\u0161ne dereze za smu\u010di<\/p>\n<p align=\"center\"><a href=\"https:\/\/mg-65.com\/web\/SLIKE\/srenaci.jpg\" target=\"_blank\" rel=\"noopener noreferrer\"><img loading=\"lazy\" decoding=\"async\" src=\"https:\/\/mg-65.com\/web\/SLIKE\/srenaci.jpg\" alt=\"Srena\u010di\" width=\"600\" height=\"351\" border=\"0\" \/><\/a><\/p>\n<p align=\"center\"><a href=\"https:\/\/mg-65.com\/web\/SLIKE\/komplet-2.jpg\" target=\"_blank\" rel=\"noopener noreferrer\"><img loading=\"lazy\" decoding=\"async\" src=\"https:\/\/mg-65.com\/web\/SLIKE\/komplet-2.jpg\" alt=\"Komplet s srena\u010di\" width=\"600\" height=\"473\" border=\"0\" \/><\/a><\/p>\n<p align=\"center\">\u00a0<\/p>\n<p align=\"left\">seveda je odvisno od izbrane ture &#8230; po potrebi potrebna tudi dodatna oprema &#8230; kot so cepin in dereze &#8230; lavinska oprema &#8230; \u010delada &#8230; vrvi in vponke &#8230;<\/p>\n","protected":false},"excerpt":{"rendered":"<p>na vpra\u0161anje &#8230; kaj sploh je turno smu\u010danje &#8230; bi verjetno dobili mnogo odgovorov moja definicija je &#8230; da je turno smu\u010danje &#8230; gibanje v [&#8230;]<\/p>\n","protected":false},"author":1,"featured_media":0,"parent":0,"menu_order":0,"comment_status":"closed","ping_status":"open","template":"","meta":{"footnotes":""},"class_list":["post-2083","page","type-page","status-publish","hentry"],"aioseo_notices":[],"_links":{"self":[{"href":"https:\/\/mg-65.com\/web\/wp-json\/wp\/v2\/pages\/2083","targetHints":{"allow":["GET"]}}],"collection":[{"href":"https:\/\/mg-65.com\/web\/wp-json\/wp\/v2\/pages"}],"about":[{"href":"https:\/\/mg-65.com\/web\/wp-json\/wp\/v2\/types\/page"}],"author":[{"embeddable":true,"href":"https:\/\/mg-65.com\/web\/wp-json\/wp\/v2\/users\/1"}],"replies":[{"embeddable":true,"href":"https:\/\/mg-65.com\/web\/wp-json\/wp\/v2\/comments?post=2083"}],"version-history":[{"count":1,"href":"https:\/\/mg-65.com\/web\/wp-json\/wp\/v2\/pages\/2083\/revisions"}],"predecessor-version":[{"id":4729,"href":"https:\/\/mg-65.com\/web\/wp-json\/wp\/v2\/pages\/2083\/revisions\/4729"}],"wp:attachment":[{"href":"https:\/\/mg-65.com\/web\/wp-json\/wp\/v2\/media?parent=2083"}],"curies":[{"name":"wp","href":"https:\/\/api.w.org\/{rel}","templated":true}]}}